ided by y.
15
Let o be 225/18 + 2/4. Let z = -6 + o. Let w(q) = 2*q**2 - 40. What is the remainder when w(6) is divided by z?
4
Let b = -54 - -79. Let w = -383 - -782. What is the remainder when w is divided by b?
24
Let c = 10 - 3. Let v(d) = 3*d**2 + 6*d - 105. Calculate the remainder when v(-8) is divided by (-108)/(-14) + 2/c.
7
Let b(h) = 223 - h**3 - 202 + 5*h - 4*h**2 + 0*h**2. Let k be b(-4). What is the remainder when 35 is divided by ((-34)/(-6))/((-8)/(-24)) + k?
17
Suppose -b = 2*h + 22 - 77, 113 = 4*h - b. What is the remainder when h is divided by 14/8*(17 + -5)?
7
Suppose 3*g + 61 = y, -73 = -y - 4*g + 3*g. What is the remainder when 164 is divided by y?
24
Let c = -3987 + 5025. What is the remainder when c is divided by 209?
202
Suppose 6*i + 0*i = 138. Suppose 0 = -9*y - 372 + 489. Calculate the remainder when i is divided by y.
10
Suppose 0 = 48*a - 2087 - 2569. What is the remainder when 2145 is divided by a?
11
Suppose 39*u + 25*u = 18*u + 5060. What is the remainder when u is divided by 40?
30
Let k(r) = r**2 + 34. Let h(x) = 29*x + 36. Let d be h(7). Suppose 3*u + 47 = d. What is the remainder when u is divided by k(0)?
30
Suppose -50*y + 3366 = 716. Calculate the remainder when y is divided by 34.
19
Suppose -p - 451 = -5*c, 3*c = -c + 2*p + 362. Suppose 14*j + c = 32*j. Calculate the remainder when j is divided by 2.
1
Let u(k) = -k**2 - 9*k + 22. Let j(o) = o - 16. Let b be j(6). Let r be u(b). Let z = 21 - r. What is the remainder when 21 is divided by z?
3
Suppose 0 = 3*k + 4*w + 101 + 48, 0 = -3*k + w - 139. Let u(v) = 76*v + 843. Let s be u(-10). Let o = s + k. What is the remainder when o is divided by 8?
4
Let i be 142*(-6)/9 - (-2)/3. Let w = i - -482. Suppose 0 = -3*p - b + w, -6*p - 3*b + 247 = -4*p. What is the remainder when p is divided by 27?
23
Let a(y) = 12*y**3 - y**2 + 2*y + 2. Let f be a(-2). Let i = 104 + f. What is the remainder when (56/2)/(i/12) is divided by 13?
12
Let t = -5192 + 5196. Calculate the remainder when 26 is divided by t.
2
Let s(c) = -c**3 + 7*c**2 - 9*c + 26. Suppose -13*x - 4*g = -8*x - 14, -2 = -x - g. Calculate the remainder when (-1)/(-4) - 78/(-8) is divided by s(x).
2
Suppose -81 = -0*i - 3*i. Let u(m) = -m + 12. Let x be u(-8). What is the remainder when 2664/x - 3/15 is divided by i?
25
Let t be (3/4)/((4 - 8)/(-16)). Suppose t*u = 7 + 5. Suppose 0 = u*y - 4*w - 304, -218 = -3*y + w - 0*w. Calculate the remainder when y is divided by 19.
14
Suppose 64 = 6*f - 50. Suppose 196 = 2*d - 26. Let c = d + -56. Calculate the remainder when c is divided by f.
17
Let l = -235 + 243. Let t = 3 + 12. Let g = t - l. Calculate the remainder when 19 is divided by g.
5
Let u = 8039 - 8034. Suppose -2*f + i = 31, -22 = f - i - 6. Calculate the remainder when u is divided by 1*5/(f/(-9)).
2
Suppose 14*z - 1638 = 12*z + 4*j, -7*z - 5*j = -5657. What is the remainder when z is divided by (-6)/(-9) - 344/(-6)?
57
Let w(a) = -a**3 + 6*a**2 - 17*a + 184. What is the remainder when w(0) is divided by 11?
8
Let c = 37 - 5. Suppose 0 = 3*m + 2*m + 170. Let n = m - -127. Calculate the remainder when n is divided by c.
29
Let k = 556 - 546. Suppose -800 = -6*c - k*c. What is the remainder when 81 is divided by c?
31
Calculate the remainder when 3747 is divided by ((-280)/6)/(-5)*(9 - 6).
23
Let x(a) = 40*a + 5. Let d be x(-10). Let w = d + 603. Calculate the remainder when w is divided by 53.
49
Suppose 5*d - 490 = -x, -3*d + 302 = 5*x + 8. Calculate the remainder when 1859 is divided by d.
95
Suppose 2*m + 4*k - 38 - 8 = 0, -5*m + 2*k = -127. Let g(a) = a**2 + a - m + 24 + 4*a. Calculate the remainder when g(-7) is divided by 7.
6
Suppose -16*x - 8532 = -25*x. Calculate the remainder when x is divided by 50.
48
Suppose r - 6 = 3. What is the remainder when 86/(-14) + (-246)/(-41) + 2070/35 is divided by r?
5
Suppose -3*u = 2*z - 91, 0*u = 4*u + 4*z - 116. Let l be 5/15 + (-16)/(-6). Suppose 6*a - l*a = u. Calculate the remainder when a is divided by 4.
3
Let n = 3119 - 2647. What is the remainder when n is divided by 11?
10
Suppose -q + 100 = 3*w + 25, 5*w = q + 109. Let v = 4 + 0. Suppose -3*g - o - w + 55 = 0, 0 = v*g - 2*o - 36. What is the remainder when 22 is divided by g?
2
Let n = 3735 - 3676. Calculate the remainder when 643 is divided by n.
53
Suppose 12*s = -5*u + 3*u + 3132, -2*s - 4*u + 544 = 0. What is the remainder when s is divided by 223?
37
What is the remainder when 1474 is divided by (-14)/21*(-48 + (7 - 13))?
34
Suppose 3*n - n - 4 = 0, n - 18 = -4*l. Suppose 8*v - 50 = l*v + 2*i, -v = -2*i - 8. What is the remainder when 48 + 3*(-5 + 6) is divided by v?
9
Let h(f) be the second derivative of -f**5/20 - 11*f**4/12 - f**3/3 - 6*f**2 + 115*f. Calculate the remainder when 54 is divided by h(-11).
4
What is the remainder when 279 is divided by ((-77)/11 - -33) + -10?
7
Let n(u) be the third derivative of -5*u**4/24 + 19*u**3/6 + 3*u**2. Let x be n(6). Let i = x - -15. What is the remainder when 13 is divided by i?
1
Let n(o) = -4*o**2 + 21*o + 50. Let g(r) = 3*r**2 - 21*r - 52. Let a(c) = -3*g(c) - 2*n(c). Calculate the remainder when 15 is divided by a(23).
5
Let m be 1/(0 - 2/(-10)). Suppose -137 = 12*b - 37*b + 113. Suppose -5*n = -b - m. What is the remainder when n is divided by 3?
0
Suppose -34*g + 35*g = 121. Let v = g - 169. Let u = v - -70. Calculate the remainder when u is divided by 13.
9
Let y(w) = w**3 + 13*w**2 + 10*w + 22. Let j be y(-10). Suppose -2*c - 3*m + j = 0, -4*c + 404 = 6*m - 10*m. What is the remainder when c is divided by 22?
17
Suppose 38*i - 1250 - 1524 = 0. Suppose -j + 2 = 0, -3*q = -5*q + 2*j + 426. What is the remainder when q is divided by i?
69
Let g(r) be the third derivative of r**4/3 - 137*r**3/3 - 2*r**2 + 2. What is the remainder when g(45) is divided by 9?
5
Let c(y) = y**3 + 4*y**2 - 2*y - 6. Let x(h) = -91*h - 19085. What is the remainder when x(-210) is divided by c(-4)?
1
Let n be (5 - 7)/(1/3). Let b = 1028 - 1024. What is the remainder when 874/57 - (-2)/n is divided by b?
3
Let j(u) = -92*u - 6. Let d be j(-1). Let v = d + -9. Let k = 34 - 18. Calculate the remainder when v is divided by k.
13
Let i be ((-2835)/14)/((-3)/6). Suppose 0 = 16*b - i + 5. What is the remainder when 73 is divided by b?
23
Let g(c) = 164*c + 1065. What is the remainder when g(-4) is divided by 64?
25
Let n(j) = 23*j**3 + j**2 + j + 6. Let l be n(-2). Let u = l + 192. Calculate the remainder when 414 is divided by u.
14
Let c = 10 + -6. Suppose c*a - 187 = -l, -4*l - l + 5*a + 1010 = 0. Calculate the remainder when 2/(-12) - (l/(-6) + 1) is divided by 18.
14
What is the remainder when (37 + -10)*(-23208)/(-108) is divided by 129?
126
Suppose 0 = -4*i - 182 - 130. Suppose n + v - 90 = 0, 4*n - 241 - 116 = -v. Let s = i + n. Calculate the remainder when 39 is divided by s.
6
Let z = 13908 - 13861. Suppose -2*o = 3*o - 60. What is the remainder when z is divided by o?
11
Let d(j) = 5 - 12*j - 4 - 1 - 15. Let n be d(-3). Suppose 8*l = n + 67. What is the remainder when 65 is divided by l?
10
Let b(x) = -x**3 - 2*x**2 + 21*x + 63. Let v be b(-7). Suppose -v*p = -159*p - 32. Calculate the remainder when ((-27)/4)/1*-4 is divided by p.
11
Let f(z) = z**2 + 8*z + 8. Let k be f(-10). Let h = k - 26. What is the remainder when 123 is divided by (-28)/21*(2 - 25/h)?
11
Suppose -3*w + 7*w - 3976 = 0. Suppose -18*g + w = -842. What is the remainder when g is divided by 27?
21
Calculate the remainder when 685 is divided by (7 - 6)/(12/1596).
20
Let s = -17897 - -18125. Calculate the remainder when 511 is divided by s.
55
Suppose 3*z - 4*n - 1317 = 0, z - 2*n + 62 = 497. Calculate the remainder when z is divided by (2 + -3)/((-2)/50).
22
Let c = -63 + 67. Suppose 2*r + 4 = -j, -5*r - 36 = -c*j - 0*j. Calculate the remainder when 130 is divided by ((-76)/8)/(2/r).
16
Suppose -3*j + 3*m = -39, 5*j - 53 = 27*m - 28*m. Let v be (-1)/((-4)/(-6) - 1). Suppose 3 = r - v. What is the remainder when j is divided by r?
5
Suppose 14*f - 29042 = -12089 + 65353. Calculate the remainder when f is divided by 6.
5
Suppose -5*o + 62 = f, 3*f - o - 82 = 104. Let q(a) = a**2 - 2*a - 10. Calculate the remainder when f is divided by q(7).
12
Suppose -13*x + 14*x + 5*l = 1534, x - 1534 = 5*l. 